{"id":28,"date":"2025-12-17T08:48:52","date_gmt":"2025-12-17T07:48:52","guid":{"rendered":"https:\/\/misje.dominikanie.pl\/?page_id=28"},"modified":"2025-12-17T08:48:52","modified_gmt":"2025-12-17T07:48:52","slug":"regulamin-darowizn","status":"publish","type":"page","link":"https:\/\/misje.dominikanie.pl\/index.php\/regulamin-darowizn\/","title":{"rendered":"Regulamin darowizn"},"content":{"rendered":"\n<p class=\"has-text-align-center\"><strong>\u00a71<\/strong><\/p>\n\n\n\n<p class=\"has-text-align-center\"><strong>DEFINICJE<\/strong><\/p>\n\n\n\n<p>Poj\u0119cia u\u017cyte w niniejszym regulaminie oznaczaj\u0105:<\/p>\n\n\n\n<ol class=\"wp-block-list\">\n<li>Portal \u2013 stron\u0119 internetow\u0105 dost\u0119pn\u0105 pod adresem <a href=\"https:\/\/misje.dominikanie.pl\" data-type=\"link\" data-id=\"https:\/\/misje.dominikanie.pl\">misje.dominikanie.pl<\/a> wraz ze wszystkimi jej funkcjonalno\u015bciami.<\/li>\n\n\n\n<li>Bracia Dominikanie \u2013 Us\u0142ugodawc\u0119 w rozumieniu ustawy z dnia 18 lipca 2002 o \u015bwiadczeniu us\u0142ug drog\u0105 elektroniczn\u0105, a wi\u0119c Polska Prowincja Zakonu Kaznodziejskiego (OO. Dominikan\u00f3w), ul. Freta 10, 00-227 Warszawa, legitymuj\u0105ca si\u0119 numerem NIP 5252067845, \u015bwiadcz\u0105c\u0105 za po\u015brednictwem Portalu us\u0142ugi elektroniczne, a tak\u017ce przyjmuj\u0105c\u0105 darowizny z wykorzystaniem us\u0142ug Po\u015brednika us\u0142ug finansowych.<\/li>\n\n\n\n<li>Regulamin \u2013 niniejszy Regulamin.<\/li>\n\n\n\n<li>U\u017cytkownik \u2013 osob\u0119 fizyczn\u0105, kt\u00f3ra w jakikolwiek spos\u00f3b korzysta z us\u0142ug oferowanych za po\u015brednictwem Portalu lub dokonuj\u0105ca za jego po\u015brednictwem Darowizny z wykorzystaniem us\u0142ug Po\u015brednika us\u0142ug finansowych (po dokonaniu Darowizny zwany Darczy\u0144c\u0105).<\/li>\n\n\n\n<li>Po\u015brednik us\u0142ug finansowych \u2013 Tpay nale\u017c\u0105cy do sp\u00f3\u0142ki: Krajowy Integrator P\u0142atno\u015bci S.A. z siedzib\u0105 w Poznaniu, plac Andersa 3, 17 pi\u0119tro, 61-894 Pozna\u0144, wpisanej do rejestru przedsi\u0119biorc\u00f3w prowadzonego przez S\u0105d Rejonowy Pozna\u0144 \u2013 Nowe Miasto i Wilda w Poznaniu, VIII Wydzia\u0142 Gospodarczy Krajowego Rejestru S\u0105dowego pod numerem 0000412357, NIP 7773061579, REGON 300878437, o kapitale zak\u0142adowym 5.494.980 PLN.<\/li>\n\n\n\n<li>Darowizna \u2013 \u015brodki pieni\u0119\u017cne przekazane przez U\u017cytkownika na rzecz Braci Dominikan\u00f3w przeznaczone na realizacj\u0119 dzia\u0142alno\u015bci Sekretariatu misyjnego.<\/li>\n\n\n\n<li>Darczy\u0144ca \u2013 U\u017cytkownik, kt\u00f3ry dokona\u0142 Darowizny.<\/li>\n\n\n\n<li>Polityki prywatno\u015bci \u2013 dokument udost\u0119pniony U\u017cytkownikom przez Braci Dominikan\u00f3w na Portalu i opisuj\u0105cy cele, zakres i sposoby zbierania, przechowywania, przetwarzania i zabezpieczania danych osobowych przekazywanych przez U\u017cytkownik\u00f3w.<\/li>\n\n\n\n<li>Regulamin us\u0142ugi \u201eNewsletter\u201d \u2013 dokument udost\u0119pniony U\u017cytkownikom przez Braci Dominikan\u00f3w na Portalu i opisuj\u0105cy zasady i warunki \u015bwiadczenia przez Braci Dominikan\u00f3w nieodp\u0142atnej us\u0142ugi \u201eNewsletter\u201d drog\u0105 elektroniczn\u0105.<\/li>\n<\/ol>\n\n\n\n<p class=\"has-text-align-center\"><strong>\u00a72<\/strong><\/p>\n\n\n\n<p class=\"has-text-align-center\"><strong>POSTANOWIENIA OG\u00d3LNE<\/strong><\/p>\n\n\n\n<ol class=\"wp-block-list\">\n<li>Portal s\u0142u\u017cy zbi\u00f3rce \u015brodk\u00f3w pieni\u0119\u017cnych przeznaczonych na realizacj\u0119 dzia\u0142alno\u015bci Sekretariatu misyjnego oraz prowadzeniu komunikacji z Darczy\u0144cami i innymi U\u017cytkownikami.<\/li>\n\n\n\n<li>U\u017cytkownik przed rozpocz\u0119ciem korzystania z Portalu ma obowi\u0105zek zapozna\u0107 si\u0119 z niniejszym Regulaminem darowizn oraz Polityk\u0105 prywatno\u015bci, za\u015b korzystanie z Portalu oznacza akceptacj\u0119 tre\u015bci Regulaminu oraz Polityki prywatno\u015bci i zobowi\u0105zanie do przestrzegania Regulaminu.<\/li>\n\n\n\n<li>Bracia Dominikanie, przed zawarciem umowy o \u015bwiadczenie us\u0142ug drog\u0105 elektroniczn\u0105, nieodp\u0142atnie udost\u0119pniaj\u0105 U\u017cytkownikom Regulamin i Polityk\u0119 prywatno\u015bci poprzez umieszczenie ich na Portalu.<\/li>\n\n\n\n<li>W razie naruszenia zapis\u00f3w Regulaminu Bracia Dominikanie maj\u0105 prawo usun\u0105\u0107 konto U\u017cytkownika oraz rozwi\u0105za\u0107 z nim umow\u0119 o kt\u00f3rej mowa w \u00a75.<\/li>\n<\/ol>\n\n\n\n<p class=\"has-text-align-center\"><strong>\u00a73<\/strong><\/p>\n\n\n\n<p class=\"has-text-align-center\"><strong>DAROWIZNA, CZYLI PRZEKAZANIE \u015aRODK\u00d3W<\/strong><\/p>\n\n\n\n<ol class=\"wp-block-list\">\n<li>U\u017cytkownik o\u015bwiadcza, \u017ce rozumie, i\u017c przekazuj\u0105c \u015brodki finansowe na rzecz Braci Dominikan\u00f3w dokonuje Darowizny, a wi\u0119c czynno\u015bci prawnej, o kt\u00f3rej mowa w art. 888 Kodeksu cywilnego, a kt\u00f3ra polega na bezp\u0142atnym przesuni\u0119ciu sk\u0142adnik\u00f3w maj\u0105tkowych U\u017cytkownika na rzecz Braci Dominikan\u00f3w pod tytu\u0142em darowizny.<\/li>\n\n\n\n<li>U\u017cytkownik o\u015bwiadcza, \u017ce rozumie, i\u017c w momencie dokonania przelewu \u015brodk\u00f3w finansowych ziszczaj\u0105 si\u0119 przes\u0142anki, o kt\u00f3rych mowa w art. 890 \u00a71 zd. drugie Kodeksu cywilnego, kt\u00f3ry stwierdza, \u017ce niezale\u017cnie od niezachowania przepisanej formy czynno\u015bci prawnej, darowizna jest wa\u017cna i skuteczna.<\/li>\n\n\n\n<li>U\u017cytkownik o\u015bwiadcza, \u017ce rozumie, i\u017c mo\u017cna przekaza\u0107 \u015brodki finansowe, czyli darowizn\u0119, poprzez bezpo\u015bredni\u0105 wp\u0142at\u0119 na numer rachunku bankowego Braci Dominikan\u00f3w lub te\u017c za pomoc\u0105 po\u015brednika us\u0142ug finansowych. O starcie mo\u017cliwo\u015bci przekazywania darowizny za pomoc\u0105 po\u015brednika us\u0142ug finansowych wszyscy U\u017cytkownicy zostan\u0105 poinformowania osobnym komunikatem w zak\u0142adce Aktualno\u015bci na Portalu.<\/li>\n<\/ol>\n\n\n\n<p class=\"has-text-align-center\"><strong>\u00a74<\/strong><\/p>\n\n\n\n<p class=\"has-text-align-center\"><strong>WARUNKI TECHNICZNE KORZYSTANIA Z PORTALU<\/strong><\/p>\n\n\n\n<ol class=\"wp-block-list\">\n<li>Dla skutecznego \u015bwiadczenia us\u0142ug za po\u015brednictwem Portalu, U\u017cytkownik powinien spe\u0142ni\u0107 \u0142\u0105cznie nast\u0119puj\u0105ce wymogi:\n<ol class=\"wp-block-list\">\n<li>Posiadanie urz\u0105dzenia umo\u017cliwiaj\u0105cego dost\u0119p do Internetu;<\/li>\n\n\n\n<li>Dost\u0119p do Internetu;<\/li>\n\n\n\n<li>Korzystanie z przegl\u0105darki internetowej o ustawieniach umo\u017cliwiaj\u0105cych prawid\u0142owe wy\u015bwietlanie strony internetowej oraz akceptuj\u0105cej pliki typu cookies;<\/li>\n\n\n\n<li>posiadanie aktywnego konta poczty elektronicznej (e-mail).<\/li>\n<\/ol>\n<\/li>\n\n\n\n<li>Je\u017celi ze spe\u0142nieniem wymaga\u0144 technicznych, o kt\u00f3rych mowa w \u00a74 pkt. 1 wi\u0105\u017c\u0105 si\u0119 op\u0142aty, obci\u0105\u017caj\u0105 one U\u017cytkownika.<\/li>\n<\/ol>\n\n\n\n<p class=\"has-text-align-center\"><strong>\u00a75<\/strong><\/p>\n\n\n\n<p class=\"has-text-align-center\"><strong>ZAWARCIE UMOWY O \u015aWIADCZENIE US\u0141UG DROG\u0104 ELEKTRONICZN\u0104<\/strong><\/p>\n\n\n\n<ol class=\"wp-block-list\">\n<li>Zawarcie umowy jest dobrowolne i bezp\u0142atne.<\/li>\n\n\n\n<li>Umowa zostaje zawarta z chwil\u0105 rozpocz\u0119cia korzystania z Portalu.<\/li>\n\n\n\n<li>Dla wykonania umowy mo\u017ce by\u0107 potrzebne posiadanie przez U\u017cytkownika konta w serwisie Po\u015brednika us\u0142ug finansowych.<\/li>\n\n\n\n<li>Bracia Dominikanie za po\u015brednictwem Portalu i na podstawie niniejszego regulaminu \u015bwiadcz\u0105 us\u0142ug\u0119, kt\u00f3ra polega na umo\u017cliwieniu \u2013 przy wykorzystaniu Po\u015brednika us\u0142ug finansowych \u2013 przekazania darowizny na realizacj\u0119 dzia\u0142alno\u015bci Braci Dominikan\u00f3w oraz \u015bledzenie post\u0119p\u00f3w zbi\u00f3rki, a tak\u017ce wysy\u0142k\u0119 newslettera oraz przekazywanie tre\u015bci marketingowych, je\u017celi U\u017cytkownik wyrazi\u0142 na to zgod\u0119.<\/li>\n\n\n\n<li>Bracia Dominikanie nie pobieraj\u0105 prowizji ani op\u0142at dodatkowych od U\u017cytkownik\u00f3w.<\/li>\n<\/ol>\n\n\n\n<p class=\"has-text-align-center\"><strong>\u00a76<\/strong><\/p>\n\n\n\n<p class=\"has-text-align-center\"><strong>NEWSLETTER<\/strong><\/p>\n\n\n\n<p>Newsletter \u2013 elektroniczna us\u0142uga dystrybucyjna \u015bwiadczona przez Braci Dominikan\u00f3w za po\u015brednictwem poczty elektronicznej e-mail, kt\u00f3ra umo\u017cliwia wszystkim korzystaj\u0105cym z niej osobom automatyczne otrzymywanie cyklicznych tre\u015bci kolejnych edycji newslettera zawieraj\u0105cego informacje o aktualno\u015bciach, post\u0119pach zbi\u00f3rki, wiadomo\u015bciach od Braci Dominikan\u00f3w i innych wydarzeniach, \u015bwiadczona na zasadach opisanych w Regulaminie us\u0142ugi \u201eNewsletter\u201d.<\/p>\n\n\n\n<p class=\"has-text-align-center\"><strong>\u00a77<\/strong><\/p>\n\n\n\n<p class=\"has-text-align-center\"><strong>OSTRZE\u017bENIE<\/strong><\/p>\n\n\n\n<p>Bracia Dominikanie przestrzegaj\u0105 przed zagro\u017ceniami, jakie wi\u0105\u017c\u0105 si\u0119 ze \u015bwiadczeniem us\u0142ug drog\u0105 elektroniczn\u0105, w szczeg\u00f3lno\u015bci mo\u017cliwo\u015bci\u0105 zainstalowania szkodliwego oprogramowania przez osoby trzecie, wy\u0142udzenia hase\u0142 lub pr\u00f3by innej aktywno\u015bci maj\u0105cej na celu przej\u0119cie kontroli nad to\u017csamo\u015bci\u0105 U\u017cytkownika. Jednocze\u015bnie Bracia Dominikanie o\u015bwiadczaj\u0105, \u017ce dok\u0142adaj\u0105 wszelkich stara\u0144 dla ochrony U\u017cytkownik\u00f3w oraz prosz\u0105 o zg\u0142aszanie wszelkich nieprawid\u0142owo\u015bci dotycz\u0105cych bezpiecze\u0144stwa \u015bwiadczonych us\u0142ug.<\/p>\n\n\n\n<p class=\"has-text-align-center\"><strong>\u00a78<\/strong><\/p>\n\n\n\n<p class=\"has-text-align-center\"><strong>OCHRONA DANYCH OSOBOWYCH<\/strong><\/p>\n\n\n\n<p>Administratorem danych osobowych U\u017cytkownik\u00f3w s\u0105 Bracia Dominikanie. Regulacje dotycz\u0105ce przetwarzania danych osobowych, uprawnie\u0144 U\u017cytkownik\u00f3w, zakresu i celu przetwarzania oraz innych zagadnie\u0144 zwi\u0105zanych z danymi osobowymi zawiera Polityka prywatno\u015bci, kt\u00f3ra zostaje udost\u0119pniona U\u017cytkownikom r\u00f3wnocze\u015bnie z niniejszym Regulaminem i stanowi integraln\u0105 jego cz\u0119\u015b\u0107.<\/p>\n\n\n\n<p class=\"has-text-align-center\"><strong>\u00a79<\/strong><\/p>\n\n\n\n<p class=\"has-text-align-center\"><strong>REKLAMACJE<\/strong><\/p>\n\n\n\n<p>U\u017cytkownik ma prawo z\u0142o\u017cenia reklamacji pod adresem poczty elektronicznej: misje[at]dominikanie.pl oraz listownie, pod adresem: Polska Prowincja Zakonu Kaznodziejskiego (OO. Dominikan\u00f3w), Biuro Syndyka, ul. Freta 10, 00-227 Warszawa, z dopiskiem Reklamacja serwis internetowy.<\/p>\n\n\n\n<p>Bracia Dominikanie nie p\u00f3\u017aniej ni\u017c w terminie 14 dni odnios\u0105 si\u0119 do reklamacji, odpowiadaj\u0105c na adres, z kt\u00f3rego wys\u0142ane zosta\u0142o zg\u0142oszenie reklamacyjne.<\/p>\n\n\n\n<p class=\"has-text-align-center\"><strong>\u00a710<\/strong><\/p>\n\n\n\n<p class=\"has-text-align-center\"><strong>ZMIANY REGULAMINU<\/strong><\/p>\n\n\n\n<ol class=\"wp-block-list\">\n<li>Bracia Dominikanie maj\u0105 prawo dokonywa\u0107 zmian w regulaminie.<\/li>\n\n\n\n<li>O zmianach regulaminu U\u017cytkownicy zostan\u0105 poinformowani co najmniej 14 dni przed wprowadzeniem zmian poprzez umieszczenie komunikatu na Portalu.<\/li>\n<\/ol>\n\n\n\n<p class=\"has-text-align-center\"><strong>\u00a711<\/strong><\/p>\n\n\n\n<p class=\"has-text-align-center\"><strong>POSTANOWIENIA KO\u0143COWE<\/strong><\/p>\n\n\n\n<ol class=\"wp-block-list\">\n<li>Regulamin obowi\u0105zuje od dnia jego og\u0142oszenia na Portalu.<\/li>\n\n\n\n<li>Regulamin ma zapewni\u0107 harmonijn\u0105 wsp\u00f3\u0142prac\u0119 pomi\u0119dzy U\u017cytkownikami a Bra\u0107mi Dominikanami, dlatego ka\u017cdy U\u017cytkownik ma prawo zg\u0142asza\u0107 do niego uwagi i pytania, pod adres elektroniczny, o kt\u00f3rym mowa w \u00a79.<\/li>\n<\/ol>\n","protected":false},"excerpt":{"rendered":"<p>\u00a71 DEFINICJE Poj\u0119cia u\u017cyte w niniejszym regulaminie oznaczaj\u0105: \u00a72 POSTANOWIENIA OG\u00d3LNE \u00a73 DAROWIZNA, CZYLI PRZEKAZANIE \u015aRODK\u00d3W \u00a74 WARUNKI TECHNICZNE KORZYSTANIA Z PORTALU \u00a75 ZAWARCIE UMOWY O \u015aWIADCZENIE US\u0141UG DROG\u0104 ELEKTRONICZN\u0104 \u00a76 NEWSLETTER Newsletter \u2013 elektroniczna us\u0142uga dystrybucyjna \u015bwiadczona przez Braci Dominikan\u00f3w za po\u015brednictwem poczty elektronicznej e-mail, kt\u00f3ra umo\u017cliwia wszystkim korzystaj\u0105cym z niej osobom automatyczne otrzymywanie [&hellip;]<\/p>\n","protected":false},"author":4,"featured_media":0,"parent":0,"menu_order":0,"comment_status":"closed","ping_status":"closed","template":"","meta":{"iawp_total_views":4,"footnotes":""},"class_list":["post-28","page","type-page","status-publish","hentry"],"_links":{"self":[{"href":"https:\/\/misje.dominikanie.pl\/index.php\/wp-json\/wp\/v2\/pages\/28","targetHints":{"allow":["GET"]}}],"collection":[{"href":"https:\/\/misje.dominikanie.pl\/index.php\/wp-json\/wp\/v2\/pages"}],"about":[{"href":"https:\/\/misje.dominikanie.pl\/index.php\/wp-json\/wp\/v2\/types\/page"}],"author":[{"embeddable":true,"href":"https:\/\/misje.dominikanie.pl\/index.php\/wp-json\/wp\/v2\/users\/4"}],"replies":[{"embeddable":true,"href":"https:\/\/misje.dominikanie.pl\/index.php\/wp-json\/wp\/v2\/comments?post=28"}],"version-history":[{"count":1,"href":"https:\/\/misje.dominikanie.pl\/index.php\/wp-json\/wp\/v2\/pages\/28\/revisions"}],"predecessor-version":[{"id":29,"href":"https:\/\/misje.dominikanie.pl\/index.php\/wp-json\/wp\/v2\/pages\/28\/revisions\/29"}],"wp:attachment":[{"href":"https:\/\/misje.dominikanie.pl\/index.php\/wp-json\/wp\/v2\/media?parent=28"}],"curies":[{"name":"wp","href":"https:\/\/api.w.org\/{rel}","templated":true}]}}