{"id":32,"date":"2025-12-17T09:01:47","date_gmt":"2025-12-17T08:01:47","guid":{"rendered":"https:\/\/misje.dominikanie.pl\/?page_id=32"},"modified":"2025-12-17T09:01:47","modified_gmt":"2025-12-17T08:01:47","slug":"regulamin-uslugi-newsletter","status":"publish","type":"page","link":"https:\/\/misje.dominikanie.pl\/index.php\/regulamin-uslugi-newsletter\/","title":{"rendered":"Regulamin us\u0142ugi Newsletter"},"content":{"rendered":"\n<p>Niniejszy Regulamin okre\u015bla zasady i warunki \u015bwiadczenia przez Sekretariat misyjny nieodp\u0142atnej us\u0142ugi \u201eNewsletter\u201d drog\u0105 elektroniczn\u0105.<\/p>\n\n\n\n<p class=\"has-text-align-center\"><strong>\u00a71<\/strong><\/p>\n\n\n\n<p>\u201eNewsletter\u201d \u2013 elektroniczna us\u0142uga dystrybucyjna (zwana dalej \u201eUs\u0142uga\u201d) \u015bwiadczona przez\u00a0Polsk\u0105 Prowincj\u0119 Zakonu Kaznodziejskiego (OO. Dominikan\u00f3w), ul. Freta 10, 00-227 Warszawa, legitymuj\u0105c\u0105 si\u0119 numerem NIP 5252067845, zwan\u0105 dalej Bra\u0107mi Dominikanami za po\u015brednictwem poczty elektronicznej e-mail, kt\u00f3ra umo\u017cliwia wszystkim korzystaj\u0105cym z niej osobom automatyczne otrzymywanie cyklicznych tre\u015bci kolejnych edycji Newslettera zawieraj\u0105cego informacje o aktualno\u015bciach, post\u0119pach zbi\u00f3rki, wiadomo\u015bciach od Braci Dominikan\u00f3w i innych wydarzeniach, \u015bwiadczona na zasadach opisanych w\u00a0niniejszym Regulaminie.<\/p>\n\n\n\n<p class=\"has-text-align-center\"><strong>\u00a72<\/strong><\/p>\n\n\n\n<p>Nale\u017cy uwa\u017cnie zapozna\u0107 si\u0119 niniejszym Regulaminem.<\/p>\n\n\n\n<p class=\"has-text-align-center\"><strong>\u00a73<\/strong><\/p>\n\n\n\n<p>Z Us\u0142ugi mo\u017ce korzysta\u0107 osoba fizyczna, albo dzia\u0142aj\u0105ca przez osob\u0119 umocowan\u0105 osoba prawna, albo jednostka organizacyjna nieposiadaj\u0105ca osobowo\u015bci prawnej, kt\u00f3rej ustawa przyznaje zdolno\u015b\u0107 prawn\u0105, posiadaj\u0105ca pe\u0142n\u0105 zdolno\u015b\u0107 do czynno\u015bci prawnych (zwana dalej: \u201eU\u017cytkownikiem\u201d). W przypadku, gdy U\u017cytkownikiem jest osoba fizyczna o ograniczonej zdolno\u015bci do czynno\u015bci prawnych, w przypadku takiej potrzeby zobowi\u0105zuje si\u0119 ona uzyska\u0107 prawnie skuteczn\u0105 zgod\u0119 swojego przedstawiciela ustawowego na zawarcie umowy o \u015bwiadczenie Us\u0142ugi (dalej r\u00f3wnie\u017c: \u201eUmowa\u201d) oraz okaza\u0107 tak\u0105 zgod\u0119 na ka\u017cde \u017c\u0105danie Braci Dominikan\u00f3w, przy czym co do zasady Umowa ma charakter umowy powszechnie zawieranej w&nbsp;drobnych bie\u017c\u0105cych sprawach \u017cycia codziennego. Bracia Dominikanie nie pobieraj\u0105 od U\u017cytkownik\u00f3w op\u0142at za \u015bwiadczenie Us\u0142ugi.<\/p>\n\n\n\n<p class=\"has-text-align-center\"><strong>\u00a74<\/strong><\/p>\n\n\n\n<p>Dla korzystania z Us\u0142ugi wymagane jest urz\u0105dzenie z dost\u0119pem do Internetu, dowolna przegl\u0105darka internetowa oraz czynna i prawid\u0142owo skonfigurowana poczta elektroniczna.<\/p>\n\n\n\n<p class=\"has-text-align-center\"><strong>\u00a75<\/strong><\/p>\n\n\n\n<p>Us\u0142uga \u015bwiadczona jest wy\u0142\u0105cznie dla zarejestrowanych os\u00f3b. Aby dokona\u0107 rejestracji nale\u017cy wype\u0142ni\u0107 formularz rejestracyjny dost\u0119pny na stronie internetowej: <a href=\"https:\/\/misje.dominikanie.pl\">misje.dominikanie.pl<\/a><em>.\u00a0<\/em><\/p>\n\n\n\n<p class=\"has-text-align-center\"><strong>\u00a76<\/strong><\/p>\n\n\n\n<p>W celu dokonania rejestracji nale\u017cy wykona\u0107 nast\u0119puj\u0105ce czynno\u015bci:<\/p>\n\n\n\n<ol class=\"wp-block-list\">\n<li>Wype\u0142ni\u0107 prawid\u0142owo formularz:<\/li>\n<\/ol>\n\n\n\n<p>W pole o nazwie \u201eAdres e-mail\u201d nale\u017cy wprowadzi\u0107 adres e-mail, na kt\u00f3ry wysy\u0142ane maj\u0105 by\u0107 tre\u015bci kolejnych edycji Newslettera. Wpisany adres e-mail musi nale\u017ce\u0107 lub by\u0107 w\u00a0dyspozycji osoby rejestruj\u0105cej si\u0119. Niedozwolone jest wykorzystywanie adres\u00f3w poczty elektronicznej, kt\u00f3re nie nale\u017c\u0105 do os\u00f3b dokonuj\u0105cych rejestracji.<\/p>\n\n\n\n<p>W pola o nazwie \u201eImi\u0119\u201d oraz &#8222;Nazwisko&#8221; nale\u017cy wprowadzi\u0107 imi\u0119 oraz nazwisko osoby, kt\u00f3ra wyra\u017ca ch\u0119\u0107 otrzymywania Newslettera.<\/p>\n\n\n\n<p>Zaakceptowa\u0107 Polityk\u0119 prywatno\u015bci i niniejszy Regulamin.<\/p>\n\n\n\n<ol start=\"2\" class=\"wp-block-list\">\n<li>Klikn\u0105\u0107 na przycisk \u201eZapisz\u201d. Po tej czynno\u015bci na adres e-mail, wprowadzony w procesie rejestracyjnym, wys\u0142ana zostanie informacja zawieraj\u0105ca link do procesu weryfikuj\u0105cego \u017c\u0105danie dodania skrzynki pocztowej do listy dystrybucyjnej Us\u0142ugi.<\/li>\n\n\n\n<li>Klikn\u0105\u0107 na nades\u0142any na podany adres e-mail link do procesu weryfikuj\u0105cego \u017c\u0105danie dodania skrzynki pocztowej do listy dystrybucyjnej Us\u0142ugi. Czynno\u015b\u0107 ta potwierdza wol\u0119 dodania posiadacza rejestrowanego adresu e-mail do listy dystrybucyjnej Us\u0142ugi. Od tej chwili, na zarejestrowane konto e-mail nadsy\u0142ane b\u0119d\u0105 przez Braci Dominikan\u00f3w tre\u015bci kolejnych edycji Us\u0142ugi.<\/li>\n<\/ol>\n\n\n\n<p class=\"has-text-align-center\"><strong>\u00a77<\/strong><\/p>\n\n\n\n<p>Bracia Dominikanie przetwarzaj\u0105 zgromadzone dane osobowe zgodnie z Dekretem og\u00f3lnym w\u00a0sprawie ochrony os\u00f3b fizycznych w zwi\u0105zku z przetwarzaniem danych osobowych w Ko\u015bciele katolickim wydany przez Konferencj\u0119 Episkopatu Polski, w dniu 13 marca 2018 r., podczas 378. Zebrania Plenarnego w\u00a0Warszawie, na podstawie kan. 455 Kodeksu Prawa Kanonicznego, w zwi\u0105zku z art. 18 Statutu KEP, po uzyskaniu specjalnego zezwolenia Stolicy Apostolskiej z dnia 3 czerwca 2017 r. (\u201eDekret\u201d) oraz innymi obowi\u0105zuj\u0105cymi przepisami prawa kanonicznego, a tak\u017ce ustaw\u0105 z dnia 18 lipca 2002 r. o \u015bwiadczeniu us\u0142ug drog\u0105 elektroniczn\u0105 (tekst jednolity Dz. U. z 2019 r., poz. 123) oraz Rozporz\u0105dzeniem Parlamentu Europejskiego i Rady (UE) 2016\/679 z dnia 27 kwietnia 2016 r. w sprawie ochrony os\u00f3b fizycznych w\u00a0zwi\u0105zku z przetwarzaniem danych osobowych i w sprawie swobodnego przep\u0142ywu takich danych oraz uchylenia dyrektywy 95\/46\/WE (\u201eRozporz\u0105dzenie\u201d) i ustaw\u0105 z dnia 10 maja 2018 r. o ochronie danych osobowych (Dz. U. z 2018 r., poz. 1000). Dane osobowe U\u017cytkownik\u00f3w mog\u0105 by\u0107 udost\u0119pnianie podmiotom uprawnionym do ich \u017c\u0105dania na mocy przepis\u00f3w prawa, w tym w szczeg\u00f3lno\u015bci organom wymiaru sprawiedliwo\u015bci lub organowi nadzoru z zakresu ochrony danych osobowych. Zasady przetwarzania danych osobowych opisane s\u0105 w <a href=\"https:\/\/misje.dominikanie.pl\/index.php\/polityka-prywatnosci\/\" data-type=\"page\" data-id=\"3\">Polityce prywatno\u015bci<\/a>.<\/p>\n\n\n\n<p class=\"has-text-align-center\"><strong>\u00a78<\/strong><\/p>\n\n\n\n<p>Us\u0142uga jest \u015bwiadczona nieodp\u0142atnie i w czasie nieoznaczonym od momentu zarejestrowania si\u0119 U\u017cytkownika do momentu rezygnacji przez U\u017cytkownika lub wypowiedzenia Us\u0142ugi przez Braci Dominikan\u00f3w.<\/p>\n\n\n\n<p class=\"has-text-align-center\"><strong>\u00a79<\/strong><\/p>\n\n\n\n<p>U\u017cytkownik w ka\u017cdym momencie ma prawo zrezygnowa\u0107 z Us\u0142ugi, klikaj\u0105c na link znajduj\u0105cy si\u0119 w&nbsp;stopce ka\u017cdego z przes\u0142anych list\u00f3w elektronicznych.<\/p>\n\n\n\n<p class=\"has-text-align-center\"><strong>\u00a710<\/strong><\/p>\n\n\n\n<p>Bracia Dominikanie mog\u0105 w ka\u017cdym czasie rozwi\u0105za\u0107 Umow\u0119 za miesi\u0119cznym okresem wypowiedzenia z nast\u0119puj\u0105cych wa\u017cnych powod\u00f3w:<\/p>\n\n\n\n<ol class=\"wp-block-list\">\n<li>zmiana przepis\u00f3w prawa reguluj\u0105cych \u015bwiadczenie us\u0142ug drog\u0105 elektroniczn\u0105 przez Braci Dominikan\u00f3w wp\u0142ywaj\u0105ca na wzajemne prawa i obowi\u0105zki okre\u015blone w Umowie lub zmiana interpretacji powy\u017cszych przepis\u00f3w prawa wskutek orzecze\u0144 s\u0105d\u00f3w, decyzji, rekomendacji lub zalece\u0144 w\u0142a\u015bciwych w danym zakresie urz\u0119d\u00f3w lub organ\u00f3w;<\/li>\n\n\n\n<li>zmiana sposobu \u015bwiadczenia us\u0142ug spowodowana wy\u0142\u0105cznie wzgl\u0119dami technicznymi lub technologicznymi (w szczeg\u00f3lno\u015bci aktualizacji wymaga\u0144 technicznych wskazanych w niniejszym Regulaminie);<\/li>\n\n\n\n<li>zmiana zakresu lub \u015bwiadczenia us\u0142ug, do kt\u00f3rych stosuj\u0105 si\u0119 zapisy Regulaminu, poprzez wprowadzenie nowych, modyfikacj\u0119 lub wycofanie przez Braci Dominikan\u00f3w dotychczasowych funkcjonalno\u015bci lub us\u0142ug obj\u0119tych Regulaminem.<\/li>\n<\/ol>\n\n\n\n<p class=\"has-text-align-center\"><strong>\u00a711<\/strong><\/p>\n\n\n\n<p>Bracia Dominikanie mog\u0105 wypowiedzie\u0107 U\u017cytkownikowi Umow\u0119 za siedmiodniowym okresem wypowiedzenia lub odm\u00f3wi\u0107 mu dalszego prawa do korzystania z Us\u0142ugi, jak r\u00f3wnie\u017c mog\u0105 ograniczy\u0107 jego dost\u0119p do cz\u0119\u015bci lub ca\u0142o\u015bci tre\u015bci je\u015bli U\u017cytkownik korzysta z tre\u015bci Us\u0142ugi w spos\u00f3b niezgodny z&nbsp;przepisami obowi\u0105zuj\u0105cego prawa oraz naruszaj\u0105c prawa os\u00f3b trzecich, postanowienia Regulaminu, a&nbsp;tak\u017ce przyj\u0119te w tym zakresie zwyczaj\u00f3w i zasad wsp\u00f3\u0142\u017cycia spo\u0142ecznego.<\/p>\n\n\n\n<p class=\"has-text-align-center\"><strong>\u00a712<\/strong><\/p>\n\n\n\n<p>Usuni\u0119cie konta pocztowego U\u017cytkownika i danych osobowych z bazy adresowej Us\u0142ugi nast\u0119puje natychmiastowo.<\/p>\n\n\n\n<p class=\"has-text-align-center\"><strong>\u00a713<\/strong><\/p>\n\n\n\n<p>Administratorem podanych przez U\u017cytkownika danych osobowych s\u0105 Bracia Dominikanie, jednak zapisy na newsletter s\u0105 obj\u0119te dzia\u0142aniem aplikacji, w ramach kt\u00f3rych zawarta zosta\u0142a umowa o&nbsp;wsp\u00f3\u0142administrowanie przez Braci Dominikan\u00f3w, o kt\u00f3rej mowa w polityce prywatno\u015bci.<\/p>\n\n\n\n<p class=\"has-text-align-center\"><strong>\u00a714<\/strong><\/p>\n\n\n\n<p>U\u017cytkownik mo\u017ce kontaktowa\u0107 si\u0119 z Bra\u0107mi Dominikanami:<\/p>\n\n\n\n<ol class=\"wp-block-list\">\n<li>listownie, na adres do korespondencji: Polska Prowincja Zakonu Kaznodziejskiego (OO. Dominikan\u00f3w), Biuro Syndyka, ul. Freta 10, 00-227 Warszawa, z dopiskiem Newsletter<\/li>\n\n\n\n<li>mailowo, na adres poczty elektronicznej: misje[at]dominikanie.pl<\/li>\n<\/ol>\n\n\n\n<p class=\"has-text-align-center\"><strong>\u00a715<\/strong><\/p>\n\n\n\n<p>Zgodnie z obowi\u0105zuj\u0105cym prawem dane osobowe U\u017cytkownika mo\u017cemy przekazywa\u0107 podmiotom przetwarzaj\u0105cym je na nasze zlecenie, tj. firmom \u015bwiadcz\u0105cym us\u0142ugi informatyczne.<\/p>\n\n\n\n<p class=\"has-text-align-center\"><strong>\u00a716<\/strong><\/p>\n\n\n\n<p>Dane osobowe Klient\u00f3w mog\u0105 by\u0107 udost\u0119pnianie podmiotom uprawnionym do ich \u017c\u0105dania na mocy przepis\u00f3w prawa, w tym w szczeg\u00f3lno\u015bci organom wymiaru sprawiedliwo\u015bci lub organowi nadzoru z&nbsp;zakresu ochrony danych osobowych.<\/p>\n\n\n\n<p class=\"has-text-align-center\"><strong>\u00a717<\/strong><\/p>\n\n\n\n<p>Dane osobowe Klient\u00f3w nie s\u0105 przekazywane do odbiorc\u00f3w w pa\u0144stwach trzecich, tj. poza Europejski Obszar Gospodarczy (EOG) ani organizacjom mi\u0119dzynarodowym, ani nie b\u0119d\u0105 przekazywane do publicznej ko\u015bcielnej osoby prawnej maj\u0105cej siedzib\u0119 poza terytorium Rzeczypospolitej Polskiej.<\/p>\n\n\n\n<p class=\"has-text-align-center\"><strong>\u00a718<\/strong><\/p>\n\n\n\n<p>Dane osobowe U\u017cytkownika b\u0119d\u0105 przechowywane na czas wa\u017cno\u015bci zgody na przetwarzanie danych osobowych.<\/p>\n\n\n\n<p class=\"has-text-align-center\"><strong>\u00a719<\/strong><\/p>\n\n\n\n<p>W zwi\u0105zku z przetwarzaniem danych osobowych ka\u017cdemu U\u017cytkownikowi przys\u0142uguje prawo do:<\/p>\n\n\n\n<ol class=\"wp-block-list\">\n<li>\u017c\u0105dania od Braci Dominikan\u00f3w dost\u0119pu do danych osobowych,<\/li>\n\n\n\n<li>\u017c\u0105dania od Braci Dominikan\u00f3w sprostowania danych osobowych,<\/li>\n\n\n\n<li>\u017c\u0105dania od Braci Dominikan\u00f3w usuni\u0119cia danych osobowych,<\/li>\n\n\n\n<li>\u017c\u0105dania od Braci Dominikan\u00f3w ograniczenia przetwarzania danych osobowych,<\/li>\n\n\n\n<li>wniesienia sprzeciwu wobec przetwarzania danych osobowych,<\/li>\n\n\n\n<li>przenoszenia danych osobowych U\u017cytkownika na jego \u017cyczenie.<\/li>\n<\/ol>\n\n\n\n<p>Z praw powy\u017cej wskazanych U\u017cytkownik mo\u017ce skorzysta\u0107 poprzez e-mail, na adres poczty elektronicznej: ochronadanych[at]dominikanie.pl.<\/p>\n\n\n\n<p class=\"has-text-align-center\"><strong>\u00a720<\/strong><\/p>\n\n\n\n<p>W zwi\u0105zku z przetwarzaniem danych osobowych Klientowi przys\u0142uguje prawo do wniesienia skargi do organu nadzorczego.<\/p>\n\n\n\n<p class=\"has-text-align-center\"><strong>\u00a721<\/strong><\/p>\n\n\n\n<p>Bracia Dominikanie podejmuj\u0105 wszelkie \u015brodki techniczne i organizacyjne celem zapewnienia pe\u0142nej ochrony danych osobowych, w szczeg\u00f3lno\u015bci przed przypadkowym lub niezgodnym z prawem zniszczeniem, utrat\u0105, modyfikacj\u0105, nieuprawnionym ujawnieniem lub nieuprawnionym dost\u0119pem do danych osobowych przesy\u0142anych, przechowywanych lub w inny spos\u00f3b przetwarzanych. Bracia Dominikanie stosuj\u0105 dost\u0119pne im procedury zapewniaj\u0105ce zgodno\u015b\u0107 przetwarzania danych z zasadami prywatno\u015bci.<\/p>\n\n\n\n<p class=\"has-text-align-center\"><strong>\u00a722<\/strong><\/p>\n\n\n\n<p>Dane osobowe s\u0105 przetwarzane elektronicznie, zgodnie z metodami i procedurami zwi\u0105zanymi z celami przetwarzania, o kt\u00f3rych mowa powy\u017cej.<\/p>\n\n\n\n<p class=\"has-text-align-center\"><strong>\u00a723<\/strong><\/p>\n\n\n\n<p>Reklamacje dotycz\u0105ce Us\u0142ugi nale\u017cy kierowa\u0107 za po\u015brednictwem poczty elektronicznej na adres: misje[at]dominikanie.pl. W zg\u0142oszeniu reklamacji nale\u017cy opisa\u0107 szczeg\u00f3\u0142owo zaistnia\u0142y problem.<\/p>\n\n\n\n<p class=\"has-text-align-center\"><strong>\u00a724<\/strong><\/p>\n\n\n\n<p>Odpowiedzi na reklamacje udzielane b\u0119d\u0105 w terminie 14 dni od dnia otrzymania reklamacji, poczt\u0105 elektroniczn\u0105 na adres, z kt\u00f3rego otrzymano zg\u0142oszenie reklamacji.<\/p>\n\n\n\n<p class=\"has-text-align-center\"><strong>\u00a725<\/strong><\/p>\n\n\n\n<p>Regulamin stanowi wzorzec umowny w rozumieniu art. 384 \u00a7 1 ustawy kodeks cywilny z dnia 23 kwietnia 1964 r. (Dz.U. Nr 16, poz. 93 ze zm.).<\/p>\n\n\n\n<p class=\"has-text-align-center\"><strong>\u00a726<\/strong><\/p>\n\n\n\n<p>Wy\u0142\u0105czne prawa do wszelkich element\u00f3w, w tym utwor\u00f3w w rozumieniu ustawy o prawie autorskim i&nbsp;prawach pokrewnych z dnia 4 lutego 1994 r. (t.j. Dz. U. z 2025 r. poz. 24), udost\u0119pnianych przez Braci Dominikan\u00f3w lub ich partner\u00f3w, w szczeg\u00f3lno\u015bci maj\u0105tkowe prawa autorskie, przys\u0142uguj\u0105 Braciom Dominikanom lub ich partnerom. U\u017cytkownik jest uprawniony do korzystania z ww. tre\u015bci nieodp\u0142atnie wy\u0142\u0105cznie w zakresie w\u0142asnego u\u017cytku osobistego i wy\u0142\u0105cznie w celu prawid\u0142owego korzystania z Us\u0142ugi, na terenie ca\u0142ego \u015bwiata.<\/p>\n\n\n\n<p class=\"has-text-align-center\"><strong>\u00a727<\/strong><\/p>\n\n\n\n<p>Bracia Dominikanie zastrzegaj\u0105 sobie prawo do zmiany Regulaminu. O zmianie Regulaminu U\u017cytkownik zostanie dodatkowo powiadomiony przez przes\u0142anie za po\u015brednictwem Newslettera, informacji zawieraj\u0105cej zestawienie zmian Regulaminu. Poinformowanie o zmianie Regulaminu nast\u0105pi nie p\u00f3\u017aniej ni\u017c na 14 dni kalendarzowych przed wprowadzeniem zmienionego Regulaminu.<\/p>\n\n\n\n<p class=\"has-text-align-center\"><strong>\u00a728<\/strong><\/p>\n\n\n\n<p>Zmiany Regulaminu wchodz\u0105 w \u017cycie w terminie podanym wraz z informacj\u0105 o jego zmianie, nie wcze\u015bniej jednak ni\u017c po up\u0142ywie 14 dni kalendarzowych od momentu poinformowania o zmianach. Regulaminu, z tym zastrze\u017ceniem, \u017ce zmieniony Regulamin b\u0119dzie wi\u0105za\u0107 U\u017cytkownika, o ile w terminie 14 dni od dnia otrzymania informacji o jego zmianie nie o\u015bwiadczy on o rezygnacji z Us\u0142ugi Newsletter w przypadku braku akceptacji nowej tre\u015bci Regulaminu.<\/p>\n\n\n\n<p class=\"has-text-align-center\"><strong>\u00a729<\/strong><\/p>\n\n\n\n<p>Niniejszy Regulamin dost\u0119pny jest nieodp\u0142atnie pod adresem <a href=\"https:\/\/misje.dominikanie.pl\">misje.dominikanie.pl<\/a> w formie, kt\u00f3ra umo\u017cliwia pozyskanie, odtwarzanie i\u00a0utrwalanie tre\u015bci niniejszego Regulaminu za pomoc\u0105 systemu teleinformatycznego, kt\u00f3rym pos\u0142uguje si\u0119 U\u017cytkownik. Utrwalenie, zabezpieczenie i udost\u0119pnienie tre\u015bci umowy dotycz\u0105cej Us\u0142ugi nast\u0119puje przez przes\u0142anie U\u017cytkownikowi na adres poczty elektronicznej podany w ramach rejestracji tre\u015bci zawartej umowy.<\/p>\n\n\n\n<p class=\"has-text-align-center\"><strong>\u00a730<\/strong><\/p>\n\n\n\n<p>Umowa zawierana jest w j\u0119zyku polskim.<\/p>\n\n\n\n<p class=\"has-text-align-center\"><strong>\u00a731<\/strong><\/p>\n\n\n\n<p>Prawem w\u0142a\u015bciwym dla Umowy jest prawo Rzeczpospolitej Polskiej, a s\u0105dami, s\u0105dy powszechne w&nbsp;Rzeczpospolitej Polskiej, chyba \u017ce co innego wynika z bezwzgl\u0119dnie obowi\u0105zuj\u0105cych przepis\u00f3w prawa.<\/p>\n\n\n\n<p class=\"has-text-align-center\"><strong>\u00a732<\/strong><\/p>\n\n\n\n<p>O starcie zapis\u00f3w na Newsletter Bracia Dominikanie poinformuj\u0105 na stronie <a href=\"https:\/\/misje.dominikanie.pl\">misje.dominikanie.pl<\/a>.<\/p>\n\n\n\n<p><\/p>\n","protected":false},"excerpt":{"rendered":"<p>Niniejszy Regulamin okre\u015bla zasady i warunki \u015bwiadczenia przez Sekretariat misyjny nieodp\u0142atnej us\u0142ugi \u201eNewsletter\u201d drog\u0105 elektroniczn\u0105. \u00a71 \u201eNewsletter\u201d \u2013 elektroniczna us\u0142uga dystrybucyjna (zwana dalej \u201eUs\u0142uga\u201d) \u015bwiadczona przez\u00a0Polsk\u0105 Prowincj\u0119 Zakonu Kaznodziejskiego (OO. Dominikan\u00f3w), ul. Freta 10, 00-227 Warszawa, legitymuj\u0105c\u0105 si\u0119 numerem NIP 5252067845, zwan\u0105 dalej Bra\u0107mi Dominikanami za po\u015brednictwem poczty elektronicznej e-mail, kt\u00f3ra umo\u017cliwia wszystkim korzystaj\u0105cym z [&hellip;]<\/p>\n","protected":false},"author":4,"featured_media":0,"parent":0,"menu_order":0,"comment_status":"closed","ping_status":"closed","template":"","meta":{"iawp_total_views":1,"footnotes":""},"class_list":["post-32","page","type-page","status-publish","hentry"],"_links":{"self":[{"href":"https:\/\/misje.dominikanie.pl\/index.php\/wp-json\/wp\/v2\/pages\/32","targetHints":{"allow":["GET"]}}],"collection":[{"href":"https:\/\/misje.dominikanie.pl\/index.php\/wp-json\/wp\/v2\/pages"}],"about":[{"href":"https:\/\/misje.dominikanie.pl\/index.php\/wp-json\/wp\/v2\/types\/page"}],"author":[{"embeddable":true,"href":"https:\/\/misje.dominikanie.pl\/index.php\/wp-json\/wp\/v2\/users\/4"}],"replies":[{"embeddable":true,"href":"https:\/\/misje.dominikanie.pl\/index.php\/wp-json\/wp\/v2\/comments?post=32"}],"version-history":[{"count":1,"href":"https:\/\/misje.dominikanie.pl\/index.php\/wp-json\/wp\/v2\/pages\/32\/revisions"}],"predecessor-version":[{"id":33,"href":"https:\/\/misje.dominikanie.pl\/index.php\/wp-json\/wp\/v2\/pages\/32\/revisions\/33"}],"wp:attachment":[{"href":"https:\/\/misje.dominikanie.pl\/index.php\/wp-json\/wp\/v2\/media?parent=32"}],"curies":[{"name":"wp","href":"https:\/\/api.w.org\/{rel}","templated":true}]}}